onvert 1069880 (base 14) to base 6.
434520104
-2840c (base 13) to base 7
-432533
-e1874 (base 15) to base 2
-10101110010100110010
Convert -9a8b98 (base 13) to base 2.
-1101111010010101010111
Convert 20c3b (base 15) to base 12.
50232
Convert -101010110110010 (base 2) to base 8.
-52662
What is -441620 (base 10) in base 5?
-103112440
1919 (base 13) to base 8
7234
Convert 510224 (base 9) to base 14.
7c0aa
101110000000011101 (base 2) to base 4
232000131
Convert 465786 (base 9) to base 16.
4452c
What is -48ac43 (base 15) in base 16?
-3515e5
Convert -4b7b2 (base 12) to base 16.
-192b6
What is -412443140 (base 5) in base 3?
-10011201112102
-4115462 (base 7) to base 4
-1320003233
Convert 54353171 (base 8) to base 5.
10440423102
-120341234 (base 6) to base 7
-25165102
30026134 (base 7) to base 14
486c8b
Convert -10022121200121 (base 3) to base 6.
-101450241
What is -1745106 (base 9) in base 3?
-1211112010020
Convert -2470b2 (base 15) to base 13.
-491390
-1772610 (base 9) to base 5
-223231124
What is -6c2c2 (base 13) in base 3?
-101001220201
What is 24041043 (base 7) in base 10?
2127660
-1001120110212120 (base 3) to base 16
-e7b451
Convert -16265463 (base 7) to base 5.
-401020123
Convert 2211211001 (base 3) to base 11.
39089
What is 1120201220200 (base 3) in base 4?
3031113303
What is -10023302131 (base 4) in base 6?
-35302021
Convert -2b6ae (base 15) to base 9.
-232802
2130304 (base 5) to base 8
106751
What is -264a05 (base 11) in base 12?
-181033
What is -1539387 (base 10) in base 6?
-52554443
Convert -1111010001111010000010 (base 2) to base 7.
-46021601
Convert 921aa (base 16) to base 2.
10010010000110101010
1075240 (base 9) to base 16
8de5b
What is -110131131 (base 4) in base 9?
-136856
Convert -9dd51 (base 14) to base 8.
-1356043
Convert -634134 (base 10) to base 7.
-5250534
341454 (base 6) to base 4
13003222
Convert 20341121 (base 5) to base 11.
105488
-2b003 (base 14) to base 4
-122020023
Convert -6608786 (base 9) to base 13.
-973761
1653206 (base 7) to base 16
388cd
-1260020 (base 7) to base 5
-20300213
What is 853022 (base 10) in base 14?
182c22
What is 102111102222200 (base 3) in base 7?
102636531
What is -1789c (base 13) in base 15?
-d6d1
What is -5c934 (base 14) in base 5?
-24224233
What is 511434315 (base 6) in base 13?
1a7971c
What is -1120100002212 (base 3) in base 15?
-116d9e
What is -da18 (base 15) in base 4?
-23101010
ca55 (base 16) to base 14
14c3b
Convert 16331 (base 16) to base 2.
10110001100110001
2062b6 (base 14) to base 15
168b44
Convert 60813 (base 15) to base 12.
128a00
What is -2310310033 (base 4) in base 10?
-740623
-1ab9caa (base 14) to base 9
-27118102
What is 258b625 (base 12) in base 2?
11100001111000110111101
Convert 1001110011001111 (base 2) to base 10.
40143
-136002320 (base 7) to base 11
-5058427
What is -2533443 (base 10) in base 7?
-30351063
Convert ba91d3 (base 14) to base 13.
14060a8
Convert -7561543 (base 9) to base 2.
-1111011110001100111111
What is -1213312 (base 6) in base 2?
-1111101100001100
203242024 (base 5) to base 12
344557
Convert -24016553 (base 7) to base 13.
-594095
Convert -449897 (base 10) to base 15.
-8d482
Convert -4cba2e (base 16) to base 10.
-5028398
2024221 (base 6) to base 3
11220212011
What is -55664063 (base 7) in base 10?
-4822625
Convert -122213302 (base 5) to base 2.
-10001110111011101100
-465533 (base 9) to base 5
-32422032
-132214004 (base 6) to base 13
-7113a6
Convert -20000202220 (base 3) to base 6.
-2313210
What is 111401330 (base 5) in base 2?
1111001010111000010
12022334442 (base 5) to base 12
478b413
What is 101101110011111001 (base 2) in base 3?
100112101200
Convert -55b3ad (base 14) to base 4.
-23012331331
15140232 (base 6) to base 13
155702
Convert -2233030001 (base 4) to base 2.
-10101111001100000001
35112204 (base 6) to base 16
10852c
What is 5523472 (base 9) in base 16?
2d4a54
Convert -101201102 (base 3) to base 8.
-17206
What is -1011023013 (base 4) in base 15?
-58e40
-1261445 (base 9) to base 16
-a874f
104031024 (base 5) to base 16
6f1e3
What is -115850 (base 9) in base 5?
-4214243
Convert 533105015 (base 6) to base 8.
43635343
Convert 107638 (base 12) to base 9.
438148
Convert -11000011001101101 (base 2) to base 16.
-1866d
Convert 30102120 (base 4) to base 12.
25160
Convert -111001111011010011100101 (base 2) to base 4.
-321323103211
What is 2251050 (base 7) in base 2?
1000100101011001111
Convert -11657a8 (base 15) to base 13.
-2778cc2
Convert -1571437 (base 9) to base 8.
-3252344
What is 321003323 (base 4) in base 6?
5002015
What is 44213000 (base 5) in base 4?
1131110222
Convert -85a53 (base 13) to base 8.
-727117
What is -1205124 (base 8) in base 2?
-1010000101001010100
What is 3a00c (base 15) in base 10?
185637
Convert -104223111 (base 6) to base 16.
-1cc393
What is 10122101011112 (base 3) in base 14?
385946
What is 94c9b (base 13) in base 6?
5424413
What is -10010011101001111101 (base 2) in base 14?
-11a59b
What is 3343111 (base 6) in base 15?
351d1
What is 6ee50 (base 16) in base 10?
454224
What is 12135726 (base 8) in base 2?
1010001011101111010110
What is -1011100101000110011110 (base 2) in base 8?
-13450636
What is -1970903 (base 10) in base 8?
-7411327
Convert 3256c9 (base 14) to base 9.
3178303
Convert -5240444 (base 7) to base 8.
-2321613
-41132 (base 9) to base 8
-64713
Convert -110211000 (base 4) to base 13.
-2c499
Convert -111011222102 (base 3) to base 7.
-2130404
-35252224 (base 6) to base 13
-2c4910
What is 112111111121 (base 3) in base 13?
9cba4
103412014 (base 5) to base 11
288835
What is -105461 (base 9) in base 2?
-1111011001100001
What is 3540131 (base 10) in base 7?
42043040
73830 (base 10) to base 12
36886
Convert -166880 (base 16) to base 10.
-1468544
381249 (base 11) to base 9
1116585
120002122010001 (base 3) to base 5
4023222311
a369aa (base 14) to base 13
11aca79
What is -35607 (base 9) in base 11?
-16996
Convert -1c2ba9 (base 14) to base 2.
-11110101110000010001
What is -2205555 (base 7) in base 14?
-70a2c
Convert -8c7b8c (base 16) to base 3.
-122022202011201
What is 6270715 (base 8) in base 4?
12113013031
231c5c (base 16) to base 6
121152512
What is 44165 (base 7) in base 4?
2231000
What is -16d7e (base 16) in base 13?
-33785
Convert 3001211010 (base 4) to base 15.
109e00
What is -3a86576 (base 11) in base 5?
-3301112440
10d6474 (base 14) to base 12
2840506
Convert -9765 (base 15) to base 13.
-11780
What is 73481 (base 10) in base 14?
1cac9
Convert 10a83a8 (base 11) to base 16.
1d6f8c
Convert -66542 (base 15) to base 8.
-1173103
21123250 (base 6) to base 4
2112302232
Convert -414432241 (base 5) to base 14.
-32a057
Convert -2072c08 (base 13) to base 10.
-9859975
344756 (base 8) to base 12
57a12
What is a8933 (base 11) in base 13?
56ccc
What is 110000101101011010 (base 2) in base 5?
22341024
What is -5480678 (base 10) in base 14?
-a29490
Convert -103330301 (base 5) to base 12.
-1978a2
What is 6155260 (base 7) in base 8?
2636461
18c1836 (base 13) to base 5
4041042404
What is 3184259 (base 12) in base 13?
1c3557c
Convert -548d9 (base 14) to base 11.
-12a976
Convert -7320880 (base 10) to base 12.
-2550754
Convert -115351402 (base 6) to base 10.
-2223002
What is -19055b9 (base 12) in base 4?
-103332010131
Convert 2514154 (base 6) to base 4.
200310112
What is -2165471 (base 9) in base 14?
-22497c
What is 34621 (base 12) in base 14?
1b729
What is 1101100010000100010 (base 2) in base 3?
211112021012
Convert -3432572 (base 9) to base 4.
-13010023202
Convert 4502664 (base 7) to base 12.
229689
What is 2624216 (base 8) in base 5?
141400103
What is -908079 (base 10) in base 4?
-3131230233
Convert 31032131 (base 5) to base 6.
5223234
-8a4382 (base 13) to base 10
-3265355
1355421 (base 8) to base 6
12120401
-1cb36 (base 16) to base 14
-30bb0
Convert 14521553 (base 10) to base 3.
1000022202211022
Convert 31962 (base 10) to base 14.
b910
What is 710195 (base 11) in base 6?
40252023
Convert -1001350 (base 7) to base 12.
-5847a
-6668303 (base 9) to base 4
-31230010200
Convert -15e633 (base 16) to base 8.
-5363063
-146564 (base 11) to base 9
-377120
What is -21099 (base 14) in base 16?
-1375f
What is 345514 (base 6) in base 16?
7456
What is 9a2769 (base 12) in base 14?
47b517
23007b (base 14) to base 15
187d55
-3333112 (base 5) to base 15
-12522
What is -165